e prime factors of 41686?
2, 19, 1097
List the prime factors of 15910.
2, 5, 37, 43
List the prime factors of 562.
2, 281
List the prime factors of 756.
2, 3, 7
What are the prime factors of 329?
7, 47
List the prime factors of 1111.
11, 101
What are the prime factors of 376?
2, 47
List the prime factors of 11955.
3, 5, 797
List the prime factors of 609.
3, 7, 29
List the prime factors of 1245.
3, 5, 83
What are the prime factors of 24272?
2, 37, 41
What are the prime factors of 4328?
2, 541
What are the prime factors of 1476?
2, 3, 41
List the prime factors of 651.
3, 7, 31
List the prime factors of 2657.
2657
What are the prime factors of 838?
2, 419
List the prime factors of 6532.
2, 23, 71
List the prime factors of 76151.
271, 281
What are the prime factors of 6293?
7, 29, 31
What are the prime factors of 25222?
2, 12611
What are the prime factors of 346?
2, 173
What are the prime factors of 774?
2, 3, 43
What are the prime factors of 3333?
3, 11, 101
List the prime factors of 858.
2, 3, 11, 13
What are the prime factors of 7717?
7717
List the prime factors of 299.
13, 23
What are the prime factors of 48780?
2, 3, 5, 271
What are the prime factors of 2664?
2, 3, 37
What are the prime factors of 8604?
2, 3, 239
What are the prime factors of 11064?
2, 3, 461
What are the prime factors of 3538?
2, 29, 61
List the prime factors of 1568.
2, 7
List the prime factors of 217.
7, 31
List the prime factors of 1991.
11, 181
What are the prime factors of 5495?
5, 7, 157
List the prime factors of 158646.
2, 3, 137, 193
List the prime factors of 1232.
2, 7, 11
What are the prime factors of 6639?
3, 2213
List the prime factors of 120.
2, 3, 5
What are the prime factors of 8084?
2, 43, 47
What are the prime factors of 286?
2, 11, 13
List the prime factors of 2065.
5, 7, 59
List the prime factors of 2427.
3, 809
List the prime factors of 59037.
3, 11, 1789
List the prime factors of 17875.
5, 11, 13
What are the prime factors of 3154?
2, 19, 83
List the prime factors of 1582.
2, 7, 113
List the prime factors of 128.
2
List the prime factors of 16401.
3, 7, 11, 71
List the prime factors of 414.
2, 3, 23
What are the prime factors of 28706?
2, 31, 463
What are the prime factors of 16196?
2, 4049
List the prime factors of 1040.
2, 5, 13
What are the prime factors of 409?
409
List the prime factors of 2364.
2, 3, 197
What are the prime factors of 10557?
3, 17, 23
What are the prime factors of 1093?
1093
What are the prime factors of 48235?
5, 11, 877
What are the prime factors of 112275?
3, 5, 499
List the prime factors of 281.
281
List the prime factors of 816.
2, 3, 17
What are the prime factors of 1368?
2, 3, 19
What are the prime factors of 7851?
3, 2617
What are the prime factors of 28?
2, 7
List the prime factors of 72819.
3, 29, 31
List the prime factors of 832.
2, 13
What are the prime factors of 1342?
2, 11, 61
What are the prime factors of 11014?
2, 5507
List the prime factors of 827.
827
What are the prime factors of 207?
3, 23
List the prime factors of 12172.
2, 17, 179
List the prime factors of 1103.
1103
List the prime factors of 3100.
2, 5, 31
List the prime factors of 32301.
3, 37, 97
List the prime factors of 25103.
13, 1931
What are the prime factors of 1110?
2, 3, 5, 37
What are the prime factors of 11750?
2, 5, 47
List the prime factors of 35887.
17, 2111
List the prime factors of 265.
5, 53
What are the prime factors of 7524?
2, 3, 11, 19
List the prime factors of 13692.
2, 3, 7, 163
List the prime factors of 1015.
5, 7, 29
List the prime factors of 3570.
2, 3, 5, 7, 17
List the prime factors of 18576.
2, 3, 43
What are the prime factors of 39442?
2, 13, 37, 41
List the prime factors of 77667.
3, 25889
List the prime factors of 19088.
2, 1193
List the prime factors of 2569.
7, 367
List the prime factors of 192.
2, 3
List the prime factors of 2265.
3, 5, 151
List the prime factors of 3214.
2, 1607
List the prime factors of 43203.
3, 14401
List the prime factors of 354.
2, 3, 59
List the prime factors of 2174.
2, 1087
What are the prime factors of 28828?
2, 7207
List the prime factors of 224.
2, 7
List the prime factors of 34279.
7, 59, 83
What are the prime factors of 10017?
3, 7, 53
List the prime factors of 99773.
17, 5869
List the prime factors of 100.
2, 5
List the prime factors of 9081.
3, 1009
List the prime factors of 326.
2, 163
What are the prime factors of 4627?
7, 661
List the prime factors of 2126.
2, 1063
List the prime factors of 3891.
3, 1297
What are the prime factors of 15211?
7, 41, 53
What are the prime factors of 5972?
2, 1493
List the prime factors of 5846.
2, 37, 79
What are the prime factors of 1637?
1637
List the prime factors of 13445.
5, 2689
List the prime factors of 137509.
199, 691
What are the prime factors of 2491?
47, 53
What are the prime factors of 17042?
2, 8521
What are the prime factors of 85895?
5, 41, 419
List the prime factors of 11070.
2, 3, 5, 41
What are the prime factors of 108708?
2, 3, 9059
List the prime factors of 1779.
3, 593
List the prime factors of 553.
7, 79
What are the prime factors of 27127?
27127
List the prime factors of 1235.
5, 13, 19
List the prime factors of 2157.
3, 719
What are the prime factors of 14336?
2, 7
List the prime factors of 4227.
3, 1409
What are the prime factors of 409?
409
List the prime factors of 22731.
3, 7577
What are the prime factors of 6899?
6899
What are the prime factors of 2078?
2, 1039
What are the prime factors of 38742?
2, 3, 11, 587
List the prime factors of 1240.
2, 5, 31
List the prime factors of 253.
11, 23
List the prime factors of 18800.
2, 5, 47
List the prime factors of 2910.
2, 3, 5, 97
List the prime factors of 182.
2, 7, 13
List the prime factors of 41793.
3, 13931
List the prime factors of 7861.
7, 1123
List the prime factors of 3688.
2, 461
What are the prime factors of 1353?
3, 11, 41
What are the prime factors of 117081?
3, 13009
What are the prime factors of 17929?
17929
List the prime factors of 1488.
2, 3, 31
What are the prime factors of 2095?
5, 419
What are the prime factors of 22456?
2, 7, 401
List the prime factors of 7236.
2, 3, 67
What are the prime factors of 864?
2, 3
What are the prime factors of 1460?
2, 5, 73
List the prime factors of 5965.
5, 1193
What are the prime factors of 180251?
17, 23, 461
List the prime factors of 10814.
2, 5407
List the prime factors of 3702.
2, 3, 617
List the prime factors of 43077.
3, 83, 173
List the prime factors of 1131.
3, 13, 29
What are the prime factors of 18108?
2, 3, 503
What are the prime factors of 5780?
2, 5, 17
What are the prime factors of 35658?
2, 3, 7, 283
What are the prime factors of 1779?
3, 593
What are the prime factors of 1871?
1871
List the prime factors of 3518.
2, 1759
What are the prime factors of 691?
691
What are the prime factors of 40884?
2, 3, 3407
List the prime factors of 72523.
11, 19, 347
List the prime factors of 137314.
2, 71, 967
List the prime factors of 19294.
2, 11, 877
What are the prime factors of 4269?
3, 1423
What are the prime factors of 12102?
2, 3, 2017
What are the prime factors of 504?
2, 3, 7
What are the prime factors of 92?
2, 23
What are the prime factors of 5367?
3, 1789
What are the prime factors of 2?
2
What are the prime factors of 728?
2, 7, 13
List the prime factors of 18829.
19, 991
What are the prime factors of 7943?
13, 47
What are the prime factors of 7798?
2, 7, 557
List the prime factors of 2460.
2, 3, 5, 41
List the prime factors of 18072.
2, 3, 251
What are the prime factors of 1833?
3, 13, 47
List the prime factors of 473.
11, 43
What are the prime factors of 749?
7, 107
List the prime factors of 530.
2, 5, 53
List the prime factors of 4808.
2, 601
List the prime factors of 13095.
3, 5, 97
List the prime factors of 4049.
4049
List the prime factors of 1152.
2, 3
List the prime factors of 4104.
2, 3, 19
List the prime factors of 2181.
3, 727
What are the prime factors of 19750?
2, 5, 79
List the prime factors of 529.
23
List the prime factors of 1916.
2, 479
What are the prime factors of 71?
71
What are the prime factors of 774?
2, 3, 43
What are the prime factors of 590?
2, 5, 59
List the prime factors of 766.
2, 383
What are the prime factors of 171?
3, 19
What are the prime factors of 2171?
13, 167
What are the prime